{"version":"1.0","provider_name":"Mali","provider_url":"https:\/\/www.africa-press.net\/mali","author_name":"cfeditorfr","author_url":"https:\/\/www.africa-press.net\/mali\/author\/cfeditorfr","title":"Guerre Asym\u00e9trique et Coh\u00e9sion Nationale en D\u00e9bat","type":"rich","width":600,"height":338,"html":"<blockquote class=\"wp-embedded-content\" data-secret=\"cCKrAqvlNl\"><a href=\"https:\/\/www.africa-press.net\/mali\/dossiers\/guerre-asymetrique-et-cohesion-nationale-en-debat\">Guerre Asym\u00e9trique et Coh\u00e9sion Nationale en D\u00e9bat<\/a><\/blockquote><iframe sandbox=\"allow-scripts\" security=\"restricted\" src=\"https:\/\/www.africa-press.net\/mali\/dossiers\/guerre-asymetrique-et-cohesion-nationale-en-debat\/embed#?secret=cCKrAqvlNl\" width=\"600\" height=\"338\" title=\"\u00ab\u00a0Guerre Asym\u00e9trique et Coh\u00e9sion Nationale en D\u00e9bat\u00a0\u00bb &#8212; Mali\" data-secret=\"cCKrAqvlNl\" frameborder=\"0\" marginwidth=\"0\" marginheight=\"0\" scrolling=\"no\" class=\"wp-embedded-content\"><\/iframe><script type=\"text\/javascript\">\n\/* <![CDATA[ *\/\n\/*! This file is auto-generated *\/\n!function(d,l){\"use strict\";l.querySelector&&d.addEventListener&&\"undefined\"!=typeof URL&&(d.wp=d.wp||{},d.wp.receiveEmbedMessage||(d.wp.receiveEmbedMessage=function(e){var t=e.data;if((t||t.secret||t.message||t.value)&&!\/[^a-zA-Z0-9]\/.test(t.secret)){for(var s,r,n,a=l.querySelectorAll('iframe[data-secret=\"'+t.secret+'\"]'),o=l.querySelectorAll('blockquote[data-secret=\"'+t.secret+'\"]'),c=new RegExp(\"^https?:$\",\"i\"),i=0;i<o.length;i++)o[i].style.display=\"none\";for(i=0;i<a.length;i++)s=a[i],e.source===s.contentWindow&&(s.removeAttribute(\"style\"),\"height\"===t.message?(1e3<(r=parseInt(t.value,10))?r=1e3:~~r<200&&(r=200),s.height=r):\"link\"===t.message&&(r=new URL(s.getAttribute(\"src\")),n=new URL(t.value),c.test(n.protocol))&&n.host===r.host&&l.activeElement===s&&(d.top.location.href=t.value))}},d.addEventListener(\"message\",d.wp.receiveEmbedMessage,!1),l.addEventListener(\"DOMContentLoaded\",function(){for(var e,t,s=l.querySelectorAll(\"iframe.wp-embedded-content\"),r=0;r<s.length;r++)(t=(e=s[r]).getAttribute(\"data-secret\"))||(t=Math.random().toString(36).substring(2,12),e.src+=\"#?secret=\"+t,e.setAttribute(\"data-secret\",t)),e.contentWindow.postMessage({message:\"ready\",secret:t},\"*\")},!1)))}(window,document);\n\/* ]]> *\/\n<\/script>\n","thumbnail_url":"https:\/\/static.africa-press.net\/mali\/sites\/21\/2026\/04\/sm_1777503951.133292.jpg","thumbnail_width":864,"thumbnail_height":486,"description":"a Africa-Press - Mali. Les attaque ..."}

Guerre Asymétrique et Cohésion Nationale en Débat

<blockquote class="wp-embedded-content" data-secret="cCKrAqvlNl"><a href="https://www.africa-press.net/mali/dossiers/guerre-asymetrique-et-cohesion-nationale-en-debat">Guerre Asymétrique et Cohésion Nationale en Débat</a></blockquote><iframe sandbox="allow-scripts" security="restricted" src="https://www.africa-press.net/mali/dossiers/guerre-asymetrique-et-cohesion-nationale-en-debat/embed#?secret=cCKrAqvlNl" width="600" height="338" title="« Guerre Asymétrique et Cohésion Nationale en Débat » &#8212; Mali" data-secret="cCKrAqvlNl" frameborder="0" marginwidth="0" marginheight="0" scrolling="no" class="wp-embedded-content"></iframe><script type="text/javascript">
/* <![CDATA[ */
/*! This file is auto-generated */
!function(d,l){"use strict";l.querySelector&&d.addEventListener&&"undefined"!=typeof URL&&(d.wp=d.wp||{},d.wp.receiveEmbedMessage||(d.wp.receiveEmbedMessage=function(e){var t=e.data;if((t||t.secret||t.message||t.value)&&!/[^a-zA-Z0-9]/.test(t.secret)){for(var s,r,n,a=l.querySelectorAll('iframe[data-secret="'+t.secret+'"]'),o=l.querySelectorAll('blockquote[data-secret="'+t.secret+'"]'),c=new RegExp("^https?:$","i"),i=0;i<o.length;i++)o[i].style.display="none";for(i=0;i<a.length;i++)s=a[i],e.source===s.contentWindow&&(s.removeAttribute("style"),"height"===t.message?(1e3<(r=parseInt(t.value,10))?r=1e3:~~r<200&&(r=200),s.height=r):"link"===t.message&&(r=new URL(s.getAttribute("src")),n=new URL(t.value),c.test(n.protocol))&&n.host===r.host&&l.activeElement===s&&(d.top.location.href=t.value))}},d.addEventListener("message",d.wp.receiveEmbedMessage,!1),l.addEventListener("DOMContentLoaded",function(){for(var e,t,s=l.querySelectorAll("iframe.wp-embedded-content"),r=0;r<s.length;r++)(t=(e=s[r]).getAttribute("data-secret"))||(t=Math.random().toString(36).substring(2,12),e.src+="#?secret="+t,e.setAttribute("data-secret",t)),e.contentWindow.postMessage({message:"ready",secret:t},"*")},!1)))}(window,document);
/* ]]> */
</script>
